{"id":751,"date":"2025-11-10T14:03:12","date_gmt":"2025-11-10T14:03:12","guid":{"rendered":"https:\/\/services-msj.com\/?page_id=751"},"modified":"2025-11-25T20:45:52","modified_gmt":"2025-11-25T20:45:52","slug":"validations-qualifications","status":"publish","type":"page","link":"https:\/\/services-msj.com\/index.php\/validations-qualifications\/","title":{"rendered":"Validations &amp; Qualifications"},"content":{"rendered":"\t\t<div data-elementor-type=\"wp-page\" data-elementor-id=\"751\" class=\"elementor elementor-751\">\n\t\t\t\t\t\t<section class=\"elementor-section elementor-top-section elementor-element elementor-element-562be176 elementor-section-full_width elementor-section-height-default elementor-section-height-default\" data-id=\"562be176\" data-element_type=\"section\" data-settings=\"{&quot;background_background&quot;:&quot;classic&quot;}\">\n\t\t\t\t\t\t\t<div class=\"elementor-background-overlay\"><\/div>\n\t\t\t\t\t\t\t<div class=\"elementor-container elementor-column-gap-no\">\n\t\t\t\t\t<div class=\"elementor-column elementor-col-100 elementor-top-column elementor-element elementor-element-35a19595\" data-id=\"35a19595\" data-element_type=\"column\">\n\t\t\t<div class=\"elementor-widget-wrap elementor-element-populated\">\n\t\t\t\t\t\t<div class=\"elementor-element elementor-element-342defb9 elementor-widget elementor-widget-heading\" data-id=\"342defb9\" data-element_type=\"widget\" data-widget_type=\"heading.default\">\n\t\t\t\t\t<span class=\"elementor-heading-title elementor-size-default\">Qualification et validation<\/span>\t\t\t\t<\/div>\n\t\t\t\t\t<\/div>\n\t\t<\/div>\n\t\t\t\t\t<\/div>\n\t\t<\/section>\n\t\t\t\t<section class=\"elementor-section elementor-top-section elementor-element elementor-element-a294a77 elementor-section-full_width elementor-section-height-default elementor-section-height-default\" data-id=\"a294a77\" data-element_type=\"section\" data-settings=\"{&quot;background_background&quot;:&quot;classic&quot;}\">\n\t\t\t\t\t\t\t<div class=\"elementor-background-overlay\"><\/div>\n\t\t\t\t\t\t\t<div class=\"elementor-container elementor-column-gap-no\">\n\t\t\t\t\t<div class=\"elementor-column elementor-col-100 elementor-top-column elementor-element elementor-element-b747bd0\" data-id=\"b747bd0\" data-element_type=\"column\">\n\t\t\t<div class=\"elementor-widget-wrap elementor-element-populated\">\n\t\t\t\t\t\t<div class=\"elementor-element elementor-element-7486b37 elementor-invisible elementor-widget elementor-widget-text-editor\" data-id=\"7486b37\" data-element_type=\"widget\" data-settings=\"{&quot;_animation&quot;:&quot;fadeInUp&quot;}\" data-widget_type=\"text-editor.default\">\n\t\t\t\t\t\t\t\t\t<p>D\u00e9couvrez nos formations sp\u00e9cialis\u00e9es dans le domaine de<strong> la qualification et de la validation<\/strong><br \/>Ces programmes sont con\u00e7us pour renforcer vos comp\u00e9tences techniques et r\u00e9glementaires, <br \/>essentielles dans les secteurs <strong>pharmaceutique, biotechnologique et industriel<\/strong>.<br \/>Chaque module combine th\u00e9orie et pratique pour une application efficace sur le terrain.<\/p>\t\t\t\t\t\t\t\t<\/div>\n\t\t\t\t\t<\/div>\n\t\t<\/div>\n\t\t\t\t\t<\/div>\n\t\t<\/section>\n\t\t<div class=\"elementor-element elementor-element-8e36dc2 e-flex e-con-boxed e-con e-parent\" data-id=\"8e36dc2\" data-element_type=\"container\">\n\t\t\t\t\t<div class=\"e-con-inner\">\n\t\t\t\t<div class=\"elementor-element elementor-element-2481715 elementor-widget elementor-widget-html\" data-id=\"2481715\" data-element_type=\"widget\" data-widget_type=\"html.default\">\n\t\t\t\t\t<!-- \u2705 Font Awesome pour l'ic\u00f4ne -->\r\n<link rel=\"stylesheet\" href=\"https:\/\/cdnjs.cloudflare.com\/ajax\/libs\/font-awesome\/6.5.0\/css\/all.min.css\">\r\n\r\n<style>\r\n.training-section {\r\n  font-family: \"Poppins\", sans-serif;\r\n  margin-bottom: 30px;\r\n}\r\n\r\n.training-section h2 {\r\n  color: #007E33;\r\n  font-size: 24px;\r\n  font-weight: 700;\r\n  margin-bottom: 10px;\r\n}\r\n\r\n.training-section p {\r\n  color: #555;\r\n  font-size: 16px;\r\n  max-width: 800px;\r\n  line-height: 1.6;\r\n  margin-bottom: 25px;\r\n}\r\n\r\n.training-table {\r\n  width: 100%;\r\n  border-collapse: collapse;\r\n  box-shadow: 0 4px 10px rgba(0,0,0,0.08);\r\n  border-radius: 12px;\r\n  overflow: hidden;\r\n  background-color: #fff;\r\n}\r\n\r\n.training-table th {\r\n  background: linear-gradient(135deg, #007E33, #00C851);\r\n  color: #fff;\r\n  text-transform: uppercase;\r\n  padding: 14px;\r\n  text-align: left;\r\n  font-weight: 600;\r\n  font-size: 14px;\r\n  letter-spacing: 0.5px;\r\n}\r\n\r\n.training-table td {\r\n  padding: 14px;\r\n  border-bottom: 1px solid #e0e0e0;\r\n  font-size: 15px;\r\n  color: #333;\r\n}\r\n\r\n.training-table tr:hover {\r\n  background-color: #f0fdf4;\r\n  transition: 0.3s;\r\n}\r\n\r\n.training-table td a i {\r\n  font-size: 18px;\r\n  color: #007E33;\r\n  transition: 0.3s;\r\n}\r\n\r\n.training-table td a i:hover {\r\n  color: #00C851;\r\n  transform: scale(1.2);\r\n}\r\n\r\n\/* \u2705 Responsive design *\/\r\n@media (max-width: 768px) {\r\n  .training-table {\r\n    border: none;\r\n    box-shadow: none;\r\n  }\r\n  .training-table thead {\r\n    display: none;\r\n  }\r\n  .training-table tr {\r\n    display: block;\r\n    margin-bottom: 20px;\r\n    background: #fff;\r\n    border-radius: 10px;\r\n    box-shadow: 0 2px 8px rgba(0,0,0,0.05);\r\n    padding: 10px;\r\n  }\r\n  .training-table td {\r\n    display: flex;\r\n    justify-content: space-between;\r\n    align-items: center;\r\n    border: none;\r\n    border-bottom: 1px solid #f1f1f1;\r\n    padding: 10px 15px;\r\n    text-align: left;\r\n  }\r\n  .training-table td:last-child {\r\n    border-bottom: none;\r\n  }\r\n  .training-table td::before {\r\n    content: attr(data-label);\r\n    font-weight: 600;\r\n    color: #007E33;\r\n    text-transform: uppercase;\r\n  }\r\n}\r\n<\/style>\r\n\r\n<div class=\"training-section\">\r\n \r\n\r\n  <table class=\"training-table\">\r\n    <thead>\r\n      <tr>\r\n        <th>N\u00b0<\/th>\r\n        <th>Nom de la formation<\/th>\r\n        <th>D\u00e9tails<\/th>\r\n        <th>Dur\u00e9e<\/th>\r\n      <\/tr>\r\n    <\/thead>\r\n    <tbody>\r\n      <tr>\r\n        <td data-label=\"N\u00b0\">1<\/td>\r\n        <td data-label=\"Nom de la formation\">L\u2019analyse de risques appliqu\u00e9e aux projets de validation dans les industries pharmaceutiques et apparent\u00e9es<\/td>\r\n        <td data-label=\"D\u00e9tails\"><a href=\"https:\/\/services-msj.com\/wp-content\/uploads\/2025\/11\/01-FT-ANALYSE-DE-RISQUE-APPLIQUE-A-LA-VALIDATION-MSJ-SERVICES-2025.docx\"><i class=\"fa fa-cloud-download\"><\/i><\/a><\/td>\r\n        <td data-label=\"Dur\u00e9e\">2 jour(s)<\/td>\r\n      <\/tr>\r\n      <tr>\r\n        <td data-label=\"N\u00b0\">2<\/td>\r\n        <td data-label=\"Nom de la formation\">Les syst\u00e8mes de traitement d'air : conception et approche d\u00e9taill\u00e9e des \u00e9tapes de qualification<\/td>\r\n        <td data-label=\"D\u00e9tails\"><a href=\"https:\/\/services-msj.com\/wp-content\/uploads\/2025\/11\/02-FT-QUALIFICATION-SYSTEME-TRAITEMENT-AIR-MSJ-SERVICES-2025.docx\"><i class=\"fa fa-cloud-download\"><\/i><\/a><\/td>\r\n        <td data-label=\"Dur\u00e9e\">2 jour(s)<\/td>\r\n      <\/tr>\r\n      <tr>\r\n        <td data-label=\"N\u00b0\">3<\/td>\r\n        <td data-label=\"Nom de la formation\">La validation de la filtration st\u00e9rilisante<\/td>\r\n        <td data-label=\"D\u00e9tails\"><a href=\"https:\/\/services-msj.com\/wp-content\/uploads\/2025\/11\/03-FT-VALIDATION-FILTRATION-STERELISANTE-MSJ-SERVICES-2025.docx\"><i class=\"fa fa-cloud-download\"><\/i><\/a><\/td>\r\n        <td data-label=\"Dur\u00e9e\">2 jour(s)<\/td>\r\n      <\/tr>\r\n      <tr>\r\n        <td data-label=\"N\u00b0\">4<\/td>\r\n        <td data-label=\"Nom de la formation\">La v\u00e9rification en continu du proc\u00e9d\u00e9 : principe et m\u00e9thodologie<\/td>\r\n        <td data-label=\"D\u00e9tails\"><a href=\"https:\/\/services-msj.com\/wp-content\/uploads\/2025\/11\/04-FT-VALIDATIONONTINUE-DES-PROCEDES-MSJ-SERVICES-2025.docx\"><i class=\"fa fa-cloud-download\"><\/i><\/a><\/td>\r\n        <td data-label=\"Dur\u00e9e\">2 jour(s)<\/td>\r\n      <\/tr>\r\n      <tr>\r\n        <td data-label=\"N\u00b0\">5<\/td>\r\n        <td data-label=\"Nom de la formation\">Qualification d\u2019un \u00e9quipement de st\u00e9rilisation par la chaleur : chaleur humide et chaleur s\u00e8che<\/td>\r\n        <td data-label=\"D\u00e9tails\"><a href=\"https:\/\/services-msj.com\/wp-content\/uploads\/2025\/11\/05-FT-QUALIFICATION-EQUIPEMENT-STERELISATION-MSJ-SERVICES-2025.docx\"><i class=\"fa fa-cloud-download\"><\/i><\/a><\/td>\r\n        <td data-label=\"Dur\u00e9e\">2 jour(s)<\/td>\r\n      <\/tr>\r\n      <tr>\r\n        <td data-label=\"N\u00b0\">6<\/td>\r\n        <td data-label=\"Nom de la formation\">\u00c9laboration de la strat\u00e9gie de validation des proc\u00e9d\u00e9s de nettoyage<\/td>\r\n        <td data-label=\"D\u00e9tails\"><a href=\"https:\/\/services-msj.com\/wp-content\/uploads\/2025\/11\/06-FT-STRATEGIE-VALIDATION-NETTOYAGE-SERVICES-2025.docx\"><i class=\"fa fa-cloud-download\"><\/i><\/a><\/td>\r\n        <td data-label=\"Dur\u00e9e\">2 jour(s)<\/td>\r\n      <\/tr>\r\n      <tr>\r\n        <td data-label=\"N\u00b0\">7<\/td>\r\n        <td data-label=\"Nom de la formation\">Documentation et audit pour la validation des proc\u00e9d\u00e9s de nettoyage<\/td>\r\n        <td data-label=\"D\u00e9tails\"><a href=\"https:\/\/services-msj.com\/wp-content\/uploads\/2025\/11\/07-FT-DOCUMENTATION-AUDIT-VALIDATION-NETTOYAGE-MSJ-SERVICES-2025.docx\"><i class=\"fa fa-cloud-download\"><\/i><\/a><\/td>\r\n        <td data-label=\"Dur\u00e9e\">2 jour(s)<\/td>\r\n      <\/tr>\r\n      <tr>\r\n        <td data-label=\"N\u00b0\">8<\/td>\r\n        <td data-label=\"Nom de la formation\">Gestion des changements et revalidation des proc\u00e9d\u00e9s de nettoyage<\/td>\r\n        <td data-label=\"D\u00e9tails\"><a href=\"https:\/\/services-msj.com\/wp-content\/uploads\/2025\/11\/08-FT-GESTION-CHANGEMENT-REVALIDATION-NETTOYAGE-MSJ-SERVICES-2025.docx\"><i class=\"fa fa-cloud-download\"><\/i><\/a><\/td>\r\n        <td data-label=\"Dur\u00e9e\">2 jour(s)<\/td>\r\n      <\/tr>\r\n      <tr>\r\n        <td data-label=\"N\u00b0\">9<\/td>\r\n        <td data-label=\"Nom de la formation\">Validation des proc\u00e9d\u00e9s de fabrication \u2013 Exigences r\u00e9glementaires<\/td>\r\n        <td data-label=\"D\u00e9tails\"><a href=\"https:\/\/services-msj.com\/wp-content\/uploads\/2025\/11\/09-FT-VAIDATION-PROCEDES-FABRICATION-MSJ-SERVICES-2025.docx\"><i class=\"fa fa-cloud-download\"><\/i><\/a><\/td>\r\n        <td data-label=\"Dur\u00e9e\">2 jour(s)<\/td>\r\n      <\/tr>\r\n      <tr>\r\n        <td data-label=\"N\u00b0\">10<\/td>\r\n        <td data-label=\"Nom de la formation\">Gestion et qualification des \u00e9quipements des laboratoires d\u2019analyse et de contr\u00f4le qualit\u00e9<\/td>\r\n        <td data-label=\"D\u00e9tails\"><a href=\"https:\/\/services-msj.com\/wp-content\/uploads\/2025\/11\/10-FT-GESTION-QUALIFICATION-EQUIPEMENT-LABORATOIRE-CQ-MSJ-SERVICES-2025.docx\"><i class=\"fa fa-cloud-download\"><\/i><\/a><\/td>\r\n        <td data-label=\"Dur\u00e9e\">2 jour(s)<\/td>\r\n      <\/tr>\r\n      <tr>\r\n        <td data-label=\"N\u00b0\">11<\/td>\r\n        <td data-label=\"Nom de la formation\">D\u00e9finition des param\u00e8tres et attributs qualit\u00e9 critiques dans le cadre d\u2019une validation de proc\u00e9d\u00e9 de fabrication<\/td>\r\n        <td data-label=\"D\u00e9tails\"><a href=\"https:\/\/services-msj.com\/wp-content\/uploads\/2025\/11\/11-FT-CPP-CQA-VALIDATION-PROCEDES-MSJ-SERVICES-2025.docx\"><i class=\"fa fa-cloud-download\"><\/i><\/a><\/td>\r\n        <td data-label=\"Dur\u00e9e\">2 jour(s)<\/td>\r\n      <\/tr>\r\n    <\/tbody>\r\n  <\/table>\r\n<\/div>\r\n\t\t\t\t<\/div>\n\t\t\t\t\t<\/div>\n\t\t\t\t<\/div>\n\t\t\t\t<\/div>\n\t\t","protected":false},"excerpt":{"rendered":"<p>Qualification et validation D\u00e9couvrez nos formations sp\u00e9cialis\u00e9es dans le domaine de la qualification et de la validationCes programmes sont con\u00e7us pour renforcer vos comp\u00e9tences techniques et r\u00e9glementaires, essentielles dans les secteurs pharmaceutique, biotechnologique et industriel.Chaque module combine th\u00e9orie et pratique pour une application efficace sur le terrain. N\u00b0 Nom de la formation D\u00e9tails Dur\u00e9e 1 [&hellip;]<\/p>\n","protected":false},"author":1,"featured_media":0,"parent":0,"menu_order":0,"comment_status":"closed","ping_status":"closed","template":"elementor_header_footer","meta":{"footnotes":""},"class_list":["post-751","page","type-page","status-publish","hentry"],"_links":{"self":[{"href":"https:\/\/services-msj.com\/index.php\/wp-json\/wp\/v2\/pages\/751","targetHints":{"allow":["GET"]}}],"collection":[{"href":"https:\/\/services-msj.com\/index.php\/wp-json\/wp\/v2\/pages"}],"about":[{"href":"https:\/\/services-msj.com\/index.php\/wp-json\/wp\/v2\/types\/page"}],"author":[{"embeddable":true,"href":"https:\/\/services-msj.com\/index.php\/wp-json\/wp\/v2\/users\/1"}],"replies":[{"embeddable":true,"href":"https:\/\/services-msj.com\/index.php\/wp-json\/wp\/v2\/comments?post=751"}],"version-history":[{"count":25,"href":"https:\/\/services-msj.com\/index.php\/wp-json\/wp\/v2\/pages\/751\/revisions"}],"predecessor-version":[{"id":841,"href":"https:\/\/services-msj.com\/index.php\/wp-json\/wp\/v2\/pages\/751\/revisions\/841"}],"wp:attachment":[{"href":"https:\/\/services-msj.com\/index.php\/wp-json\/wp\/v2\/media?parent=751"}],"curies":[{"name":"wp","href":"https:\/\/api.w.org\/{rel}","templated":true}]}}